?
26
Calculate the greatest common factor of 198783 and 78.
39
What is the highest common divisor of 1264 and 8400?
16
What is the greatest common divisor of 589124 and 124?
124
Calculate the greatest common factor of 224 and 137376.
32
Calculate the highest common divisor of 85 and 70261.
17
What is the highest common factor of 6544 and 191821?
409
Calculate the highest common factor of 5210152 and 824.
824
What is the highest common divisor of 711414 and 374?
22
Calculate the highest common factor of 5525 and 128775.
425
What is the highest common divisor of 240 and 12800?
80
What is the highest common factor of 364 and 2296?
28
Calculate the highest common factor of 5 and 13765.
5
What is the highest common divisor of 3997 and 301?
7
What is the greatest common divisor of 12556 and 1204?
172
Calculate the greatest common divisor of 7807 and 1899.
211
What is the greatest common divisor of 21775 and 472350?
1675
What is the greatest common factor of 1345403 and 386?
193
Calculate the greatest common factor of 690 and 970.
10
Calculate the greatest common divisor of 1720 and 155.
5
What is the greatest common divisor of 2944 and 8694?
46
What is the highest common divisor of 90 and 36648?
18
What is the highest common divisor of 72 and 4170564?
36
What is the greatest common factor of 4914982 and 358?
358
Calculate the highest common factor of 1 and 7922.
1
Calculate the highest common factor of 10 and 157895.
5
Calculate the highest common factor of 591 and 44719.
197
Calculate the greatest common factor of 20 and 1279360.
20
Calculate the highest common factor of 159672 and 6.
6
Calculate the greatest common factor of 59901 and 246.
123
Calculate the highest common factor of 7505712 and 282.
282
Calculate the greatest common factor of 2278900 and 130.
130
What is the greatest common factor of 11340 and 93870?
630
Calculate the highest common divisor of 70 and 3528.
14
What is the highest common divisor of 1183690 and 10?
10
Calculate the highest common divisor of 31673 and 361.
19
Calculate the greatest common divisor of 84337 and 5699.
41
What is the highest common factor of 62976 and 4920?
984
What is the greatest common divisor of 101936 and 3601?
277
Calculate the highest common factor of 85140 and 120.
60
What is the highest common divisor of 370 and 388000?
10
Calculate the greatest common factor of 5301 and 105431.
589
What is the greatest common divisor of 75452 and 2548?
52
Calculate the highest common divisor of 20539 and 16309.
47
Calculate the highest common factor of 221 and 6019.
13
Calculate the highest common divisor of 2867 and 141.
47
Calculate the highest common factor of 30 and 74145.
15
What is the highest common divisor of 236638 and 25118?
1322
Calculate the highest common factor of 30 and 195150.
30
Calculate the highest common divisor of 19599 and 564.
141
What is the highest common factor of 30545 and 1025?
205
What is the greatest common factor of 430250 and 250?
250
What is the greatest common divisor of 72 and 4596?
12
What is the greatest common divisor of 804269 and 222?
37
Calculate the greatest common divisor of 1273 and 940747.
1273
Calculate the highest common factor of 117046 and 172.
86
Calculate the greatest common divisor of 70 and 93065.
35
Calculate the greatest common divisor of 7982 and 208.
26
What is the greatest common divisor of 311811 and 69?
69
What is the greatest common divisor of 4528 and 1415?
283
What is the highest common factor of 83 and 76443?
83
Calculate the greatest common divisor of 10 and 210310.
10
What is the greatest common divisor of 10571415 and 15?
15
Calculate the greatest common factor of 195982 and 436.
218
What is the greatest common factor of 2627 and 185?
37
What is the highest common divisor of 17 and 539359?
17
What is the greatest common factor of 18040 and 3520?
440
What is the greatest common divisor of 2768 and 25258?
346
Calculate the highest common divisor of 7636280 and 20.
20
Calculate the greatest common factor of 2666 and 620.
62
What is the greatest common divisor of 142 and 8276?
2
Calculate the greatest common divisor of 45 and 790.
5
What is the highest common divisor of 226 and 422?
2
Calculate the greatest common factor of 154 and 20594.
14
Calculate the highest common divisor of 5820 and 7500.
60
Calculate the greatest common divisor of 3300 and 9930.
30
Calculate the greatest common factor of 1066 and 32308.
82
What is the greatest common factor of 33 and 283701?
33
Calculate the greatest common divisor of 17112 and 279.
93
What is the highest common divisor of 119 and 74851?
119
Calculate the greatest common divisor of 2148 and 40236.
12
Calculate the highest common divisor of 170562 and 1519.
217
Calculate the greatest common factor of 2 and 42476.
2
What is the highest common divisor of 144325 and 23?
23
What is the highest common factor of 57 and 50597?
19
What is the highest common divisor of 1254 and 1056?
66
What is the highest common factor of 24603 and 1593?
177
What is the highest common factor of 646 and 97?
1
What is the highest common factor of 490 and 257838?
98
What is the greatest common divisor of 1543364 and 6748?
964
Calculate the greatest common divisor of 88012 and 412.
4
Calculate the greatest common factor of 65663 and 26.
13
What is the highest common divisor of 2050 and 800?
50
What is the greatest common factor of 6336 and 343134?
198
What is the greatest common divisor of 59218 and 3712?
58
What is the greatest common factor of 3406045 and 265?
265
What is the greatest common divisor of 18567 and 3913511?
2063
What is the highest common divisor of 243 and 637713?
81
What is the greatest common divisor of 45132 and 9?
3
Calculate the highest common factor of 197 and 27.
1
What is the greatest common divisor of 1050 and 22920?
30
What is the greatest common factor of 342 and 7038?
18
What is the highest common divisor of 429647 and 513?
19
What is the greatest common factor of 61509 and 435?
87
What is the greatest common divisor of 1302 and 25494?
42
What is the greatest common factor of 414175 and 425?
25
Calculate the greatest common factor of 6572 and 16988.
124
What is the greatest common divisor of 55620 and 4860?
540
Calculate the greatest common divisor of 5 and 144085.
5
Calculate the greatest common factor of 427 and 13405.
7
Calculate the highest common divisor of 2781 and 1278.
9
Calculate the greatest common factor of 255 and 4485.
15
What is the highest common factor of 10796 and 324?
4
What is the highest common factor of 990109 and 589?
589
Calculate the highest common factor of 11676 and 434.
14
What is the greatest common factor of 188 and 56?
4
What is the greatest common factor of 110 and 27940?
110
What is the greatest common divisor of 6335 and 2870?
35
What is the greatest common divisor of 2 and 4802?
2
Calculate the highest common factor of 355017 and 221.
13
What is the highest common factor of 1470092 and 221?
221
Calculate the greatest common factor of 56172 and 899.
31
Calculate the highest common factor of 32 and 3231072.
32
What is the highest common factor of 196 and 113974?
98
What is the highest common factor of 49495 and 95?
95
Calculate the greatest common divisor of 829 and 30673.
829
Calculate the greatest common divisor of 68 and 83968.
4
Calculate the highest common factor of 3618 and 1728.
54
Calculate the greatest common divisor of 34760 and 275.
55
What is the greatest common factor of 56137 and 1168?
73
What is the greatest common divisor of 11599078 and 43?
43
What is the highest common divisor of 61267 and 1555?
311
Calculate the greatest common factor of 31850 and 3835.
65
What is the greatest common divisor of 21507 and 469?
67
Calculate the greatest common divisor of 621 and 1900881.
621
What is the highest common divisor of 1430 and 8710?
130
What is the highest common divisor of 376 and 38681?
47
Calculate the highest common factor of 68 and 39610.
34
What is the highest common factor of 30717 and 171?
9
Calculate the highest common divisor of 11567 and 7568.
43
Calculate the highest common divisor of 488 and 17446.
122
What is the highest common divisor of 2378 and 5330?
82
Calculate the greatest common factor of 4223 and 6601.
41
What is the greatest common factor of